+ u = 4*j. What is the tens digit of c?
3
Let l be (-5 + 17281)/7 + -2. Suppose f = -4*y + y + 486, 3*y + l = 5*f. What is the tens digit of f?
9
Let b(f) = 2*f**2 + f + 2. Let k be b(0). Let s(h) = 4*h**2 - 15*h + 28. What is the units digit of s(k)?
4
Let t(s) = 65619*s**2 + 192*s - 193. What is the ten thousands digit of t(1)?
6
Let u(c) = -c**3 + 122*c**2 - 3060*c + 35. What is the hundreds digit of u(71)?
8
Let j(m) = 4*m. Let o be j(1). Let z be 2/o*(2 + 2). Suppose -3*g + 270 = z*g. What is the tens digit of g?
5
Suppose 27*o + 16*o - 12480 = -9*o. What is the units digit of o?
0
Let z = 7090 - 1075. What is the hundreds digit of z?
0
Let l be -2483 + (6/(-54))/((-1)/9). Let p = 3706 + l. What is the tens digit of p?
2
Let o be 20 + (-1 + 1)/((-24)/12). Let f = o + -21. What is the tens digit of (-5)/10*158/f?
7
Suppose -250*c + 248*c = -10. Suppose -c*d + 4*z + 1207 = -737, z = -4*d + 1551. What is the hundreds digit of d?
3
Let b be 1 + 33/(-24) + 2187/8. Suppose -265*q - 624 = -b*q. What is the units digit of q?
8
Suppose -2*c - 3842 = -v, -4*c + 19182 = -0*v + 5*v. Suppose 14*t - 15*t - 22 = -5*w, 4*w - 21 = t. What is the tens digit of (-2)/t - v/(-34)?
1
Let l = -14941 + 21248. What is the units digit of l?
7
Suppose -3*c + 5*v = -1348, c + 3*v = 3*c - 900. Suppose -4*o + 272 = -c. What is the units digit of o?
2
Let k be (5 + 9752/32)*-4. Let x = k - -2172. What is the units digit of x?
3
Let g = 3302 + 3401. What is the tens digit of g?
0
Let m(b) = b**2 + 9*b + 11. Let s be m(-8). Suppose 1436 = 4*r - s*i, 4*i = 5*r - i - 1795. Suppose -5*t + r + 571 = 0. What is the units digit of t?
6
Suppose 5*b + 18 = -b. Let w be (b + 119 - 3)/((-5)/10). Let u = -115 - w. What is the units digit of u?
1
Suppose 4*s + 31 = 123. Let n = 296 + s. What is the tens digit of n?
1
Let r(l) = l**2 - 6*l - 3. Let n be r(7). Let h = -1071 + 1073. Suppose 515 = n*x + 3*g, -h*g = 3 - 5. What is the units digit of x?
8
Suppose -3*n + 5*s = 8*s - 40320, 0 = -4*n - s + 53760. What is the thousands digit of n?
3
Let a(f) = -3 + 14*f - 11*f + 16*f - 8. What is the units digit of a(3)?
6
Let m(w) = -31*w + 5628. What is the hundreds digit of m(-61)?
5
Suppose -5*g + w + 2*w = 1947, -387 = g - 3*w. Let i = 862 + g. What is the hundreds digit of i?
4
Suppose -28*r - 67*r + 305136 = 22*r. What is the tens digit of r?
0
Suppose 0 = 6*m - 5*m - 21. Let z = 14 + m. Suppose z - 120 = -j. What is the units digit of j?
5
Let x be 24/8 + 5 - -74. Suppose -24 = -5*r + 2*r. Suppose r*m - 7*m = x. What is the units digit of m?
2
Let y(l) = -33*l + 68. Suppose 0 = -60*d + 54*d - 42. What is the units digit of y(d)?
9
Let z be ((-52)/(-2))/((-16)/(-232)). Suppose 5*j = -3*i + 422 + z, -1317 = -5*i - j. What is the units digit of i?
3
Let m(k) = k**3 - 24*k**2 + 47*k + 50. Let g be m(22). Suppose 3489 = 3*t + 3*n, -2*n - 3348 = -3*t + g. What is the hundreds digit of t?
1
What is the thousands digit of (65/(-13) + 7)*(-11125)/(-2) - -2?
1
Suppose 9*k + 6 + 12 = 0. What is the units digit of (-5 + 218/6)*(-12)/k?
8
Suppose -c = t + 142, 0 = -10*t + 11*t - 1. Let d = 508 - c. What is the hundreds digit of d?
6
Suppose 0 = b - h - 5161, -2*b - 5*h = -4*b + 10298. What is the thousands digit of b?
5
Suppose -32242 - 189086 = -58*w. What is the units digit of w?
6
Suppose 3*y = -0 + 6. Suppose 5*k + 0*u - 2 = y*u, 24 = 4*k + 4*u. What is the tens digit of (153 - (0 + -5))/(k - 0)?
7
Suppose 32 = 5*g + 2. Let k be (-584)/(-36) + 16/(-72). Let d = g + k. What is the units digit of d?
2
Suppose 419 = 17*u - 1111. What is the hundreds digit of 61890/u - (-4)/3?
6
Suppose 4*g - 66*s + 70*s - 111868 = 0, 2*s = 4*g - 111826. What is the thousands digit of g?
7
Suppose -17*o + 16*o = -7. Let h be (3 + -3)*(-2 - -3). Suppose h = -o*a - 2*a + 549. What is the units digit of a?
1
Let q = 715 - 687. Suppose 0 = g - 4*d - 14, -g - d = -6*g + 146. Suppose g*u - 154 = q*u. What is the tens digit of u?
7
Suppose 5*c = 10*c + 6*c. Suppose -q + 2*q - 62 = c. What is the tens digit of q?
6
Let k(f) = -393*f + 1401. What is the tens digit of k(-7)?
5
Let k(m) = 1042*m**2 - 90*m + 15. What is the thousands digit of k(-6)?
8
Let u be -1 - (-1 - -1 - 1). Suppose 2*o + 19 = 3*o - 5*f, u = -5*f - 25. Let i(t) = 4*t**2 + 14*t - 5. What is the tens digit of i(o)?
5
Let r(s) = 4*s**3 - s**2 + s - 7. Suppose 2*x - 13 = -5*u, 3*x - 5*u - 15 = -2*x. Suppose x*i + i = 15. What is the units digit of r(i)?
5
Suppose 0 = -i + 12 + 69. Let l be 4 - -167*((7 - 12) + 6). Let b = l - i. What is the tens digit of b?
9
Let k(i) = 40*i**2 + 2*i - 2. Let u be k(5). Suppose -b + 5*d = 252, -4*b + 2*d + 3*d - u = 0. Let w = -73 - b. What is the hundreds digit of w?
1
Let i be (1*(-5 + 741))/1. Suppose -4*x - l = -739, -4*x - 9*l + 5*l = -i. What is the tens digit of x?
8
Suppose -4*c + 74 = -3*d + 14, 2*d - 2*c + 38 = 0. Let s = -65 - -34. Let x = d - s. What is the units digit of x?
5
Suppose 296 = 8*g - 776. Suppose 5*s = 31 + g. Suppose 26*k + 539 = s*k. What is the units digit of k?
7
Let c = -12437 - -20676. What is the hundreds digit of c?
2
Suppose -14*b + 13535 = -13*b - 5*s, 0 = -4*b - s + 54077. What is the hundreds digit of b?
5
Suppose 1111 = m + n, -5*m - 4*n + 1704 = -3852. Let g = m + -763. What is the units digit of g?
9
Let q be (-85554)/(-36) + 6/(-4) + 0. Let a = q - 1464. What is the tens digit of a?
1
Let b = 143 - 231. What is the units digit of (b/(-10))/(4/(-60)*-6)?
2
What is the tens digit of 6801030/405*10/(-4)*3/(-5)?
8
Let y(g) be the third derivative of g**4 - 185*g**3/6 + 2*g**2 + 21*g. What is the tens digit of y(19)?
7
Let m(h) = -h**2 - h. Let a(p) = -6*p**2 + 21*p - 5. Let y(c) = -a(c) + m(c). What is the units digit of y(7)?
6
Let v(x) = -25616*x**3 - x**2 - 6*x - 7. What is the hundreds digit of v(-1)?
6
Suppose -234*n + 231*n + 918 = 0. What is the hundreds digit of 521679/n + (-2)/(-12)?
7
Let o be (-7)/(21/(-3))*10204. Suppose -o + 25243 = 27*x. What is the hundreds digit of x?
5
Let h(n) = 4*n**2 - 6*n + 13. Let y(l) = 6*l**2 - 7*l + 13. Let a(x) = -6*h(x) + 5*y(x). What is the units digit of a(9)?
2
Let o = 22 - 17. Suppose 10*r - 73 = 6*r + 5*b, 0 = o*r - 3*b - 88. Suppose -18*u + r*u = -30. What is the tens digit of u?
3
Let b = -751 + 569. Let h(c) = -39*c**3 + 3*c**2 + 4*c + 2. Let a be h(-2). Let n = a + b. What is the tens digit of n?
3
Suppose -5*n = 5*o - 11190, -45*o = -46*o + 5*n + 2256. What is the tens digit of o?
4
Let i be 199/10 - (-8)/80. What is the units digit of (32/i)/((-12)/(-30))?
4
Suppose 2*r + 16 = -0*r. Let s be r/68 - (-155)/17. What is the tens digit of 301*(-1)/(-3) - 3/s?
0
Suppose -67*q + 196701 = 96*q - 179666. What is the hundreds digit of q?
3
Suppose 70566 = 37*z - 284153. What is the thousands digit of z?
9
Let c be (28/16)/(2*1/(-568)). Let m = c + 850. Suppose 3*o - m = 2*j, 4*j = -5*o + 183 + 376. What is the units digit of o?
5
Suppose 242*l = n + 246*l - 6785, -2*l + 12 = 0. What is the units digit of n?
1
Let r(k) = 390*k**3 + 7*k**2 - 6*k. Suppose -3*v - 48 = -51. What is the hundreds digit of r(v)?
3
Suppose -4*d = 28, -374*a = -376*a + d + 31747. What is the units digit of a?
0
Let c = 2861 + -2157. What is the units digit of c?
4
Let o = 125 - 115. What is the hundreds digit of ((-3532)/2*1)/(o + -12)?
8
Suppose 0 = 16*i - 26*i - 50. What is the tens digit of (484 - (i + 3)) + 3 + 3?
9
Suppose 0 = -415*q + 414*q + 5*h + 8720, 2*q = -5*h + 17365. What is the tens digit of q?
9
Let w(l) = -l**2 + 25*l - 9. Suppose h - 41 = 5*o, -3*o + 3*h - h - 26 = 0. Let x be 144/(-54)*66/o. What is the units digit of w(x)?
7
Suppose 0 = 3*g - 1 - 2, 12 = 3*j - 3*g. Suppose -5*s = -3*w + 5*w - 3513, j*w = 3*s - 2114. What is the hundreds digit of s?
7
Let l(d) = d**3 + 8*d**2 + 28*d - 44. What is the units digit of l(13)?
9
What is the ten thousands digit of (-1149)/(((-14)/(-20))/7)*(-23)/23?
1
Let h(q) = q**3 + 34*q**2 - 70*q - 9. Let w be h(-33). What is the hundreds digit of (-2)/(-6) + 4 + w/9?
3
Suppose 140 = 11*w - 4*w. Suppose -w*z + 15*z = -1955. What is the tens digit of z?
9
Let z(m) = -80*m + 1805. What is the hundreds digit of z(3)?
5
Suppose -3*c = -5*x + 159535, -2*x = -x + 5*c - 31907. Suppose 23*y - x = -4031. What is the thousand